emainder when 74934 is divided by 17.
15
Calculate the remainder when 4554 is divided by 40.
34
Calculate the remainder when 2283665 is divided by 570914.
9
What is the remainder when 9246 is divided by 165?
6
What is the remainder when 40480 is divided by 1227?
1216
What is the remainder when 80945 is divided by 16174?
75
Calculate the remainder when 10531 is divided by 155.
146
What is the remainder when 29228 is divided by 1124?
4
Calculate the remainder when 79299 is divided by 102.
45
Calculate the remainder when 30286 is divided by 3785.
6
Calculate the remainder when 3059 is divided by 66.
23
What is the remainder when 1381 is divided by 639?
103
Calculate the remainder when 2716063 is divided by 1705.
1703
What is the remainder when 553398 is divided by 107?
101
What is the remainder when 434762 is divided by 63?
62
Calculate the remainder when 10995 is divided by 1567.
26
Calculate the remainder when 161004 is divided by 287.
284
Calculate the remainder when 7087 is divided by 1732.
159
Calculate the remainder when 453 is divided by 236.
217
Calculate the remainder when 8714 is divided by 4.
2
What is the remainder when 13455 is divided by 99?
90
Calculate the remainder when 26079 is divided by 362.
15
Calculate the remainder when 83948 is divided by 67.
64
Calculate the remainder when 255610 is divided by 443.
442
Calculate the remainder when 126668 is divided by 530.
528
Calculate the remainder when 9148 is divided by 1819.
53
Calculate the remainder when 17406 is divided by 205.
186
What is the remainder when 19138059 is divided by 20?
19
What is the remainder when 14807 is divided by 4672?
791
What is the remainder when 5241 is divided by 14?
5
What is the remainder when 139274 is divided by 477?
467
Calculate the remainder when 2401121 is divided by 82.
79
What is the remainder when 13691 is divided by 1369?
1
Calculate the remainder when 438287 is divided by 276.
275
What is the remainder when 14848 is divided by 249?
157
What is the remainder when 374424 is divided by 374416?
8
Calculate the remainder when 4332 is divided by 21.
6
What is the remainder when 43158 is divided by 40?
38
What is the remainder when 2447 is divided by 170?
67
What is the remainder when 591556 is divided by 115?
111
Calculate the remainder when 1591 is divided by 17.
10
Calculate the remainder when 112163 is divided by 603.
5
Calculate the remainder when 31624 is divided by 93.
4
Calculate the remainder when 9955 is divided by 323.
265
Calculate the remainder when 121814 is divided by 27.
17
What is the remainder when 2998 is divided by 25?
23
What is the remainder when 9256138 is divided by 843?
841
Calculate the remainder when 82105 is divided by 2932.
9
What is the remainder when 1275 is divided by 595?
85
What is the remainder when 4211 is divided by 4190?
21
What is the remainder when 5367 is divided by 28?
19
What is the remainder when 13413280 is divided by 757?
754
What is the remainder when 388116 is divided by 53?
50
Calculate the remainder when 2695 is divided by 1347.
1
What is the remainder when 49053 is divided by 32?
29
Calculate the remainder when 79005 is divided by 103.
4
Calculate the remainder when 2653 is divided by 24.
13
Calculate the remainder when 187688 is divided by 58.
0
Calculate the remainder when 217582 is divided by 108788.
6
Calculate the remainder when 125965 is divided by 189.
91
What is the remainder when 1289 is divided by 117?
2
What is the remainder when 935065 is divided by 11?
10
What is the remainder when 1784 is divided by 1639?
145
What is the remainder when 2606 is divided by 525?
506
Calculate the remainder when 7851 is divided by 394.
365
Calculate the remainder when 5821 is divided by 1940.
1
What is the remainder when 4995115 is divided by 19?
15
What is the remainder when 8098 is divided by 369?
349
Calculate the remainder when 115407 is divided by 5770.
7
Calculate the remainder when 9890 is divided by 46.
0
Calculate the remainder when 722903 is divided by 14.
13
What is the remainder when 32691 is divided by 63?
57
Calculate the remainder when 50278 is divided by 28.
18
Calculate the remainder when 121256 is divided by 9327.
5
Calculate the remainder when 15957 is divided by 15939.
18
Calculate the remainder when 1448158 is divided by 140.
138
Calculate the remainder when 2927 is divided by 2174.
753
What is the remainder when 7290 is divided by 460?
390
What is the remainder when 327084 is divided by 1062?
1050
Calculate the remainder when 56249 is divided by 3103.
395
What is the remainder when 17040 is divided by 589?
548
What is the remainder when 1309 is divided by 41?
38
What is the remainder when 1211496 is divided by 257?
255
What is the remainder when 25099 is divided by 965?
9
What is the remainder when 1707 is divided by 1668?
39
Calculate the remainder when 598322 is divided by 101.
99
Calculate the remainder when 9304 is divided by 121.
108
Calculate the remainder when 8327 is divided by 556.
543
What is the remainder when 8883 is divided by 112?
35
Calculate the remainder when 36861 is divided by 208.
45
Calculate the remainder when 132445 is divided by 75.
70
What is the remainder when 2162022 is divided by 524?
522
What is the remainder when 57809 is divided by 13?
11
Calculate the remainder when 89952 is divided by 151.
107
Calculate the remainder when 11606 is divided by 15.
11
What is the remainder when 952 is divided by 95?
2
What is the remainder when 39822 is divided by 9948?
30
Calculate the remainder when 404950 is divided by 359.
357
What is the remainder when 591579 is divided by 53?
46
Calculate the remainder when 778 is divided by 443.
335
Calculate the remainder when 7544 is divided by 14.
12
What is the remainder when 28696 is divided by 62?
52
What is the remainder when 636 is divided by 580?
56
What is the remainder when 1823 is divided by 234?
185
Calculate the remainder when 66406 is divided by 836.
362
What is the remainder when 3426 is divided by 264?
258
Calculate the remainder when 54287 is divided by 13.
12
What is the remainder when 352107 is divided by 13041?
0
What is the remainder when 308078 is divided by 71?
9
Calculate the remainder when 208398 is divided by 5.
3
Calculate the remainder when 15523 is divided by 5.
3
What is the remainder when 2958 is divided by 1531?
1427
Calculate the remainder when 94718 is divided by 47349.
20
Calculate the remainder when 37250 is divided by 1864.
1834
Calculate the remainder when 3628 is divided by 1157.
157
Calculate the remainder when 22020 is divided by 107.
85
What is the remainder when 79420 is divided by 36?
4
What is the remainder when 298359 is divided by 1530?
9
Calculate the remainder when 3891 is divided by 258.
21
What is the remainder when 102101 is divided by 66?
65
What is the remainder when 188145 is divided by 142?
137
What is the remainder when 5220 is divided by 31?
12
What is the remainder when 999 is divided by 566?
433
Calculate the remainder when 700 is divided by 94.
42
Calculate the remainder when 1424 is divided by 177.
8
What is the remainder when 126489 is divided by 139?
138
What is the remainder when 222833 is divided by 64?
49
Calculate the remainder when 1794703 is divided by 33.
31
Calculate the remainder when 35833 is divided by 164.
81
What is the remainder when 17886 is divided by 23?
15
What is the remainder when 8132 is divided by 354?
344
Calculate the remainder when 269651 is divided by 144.
83
Calculate the remainder when 4099 is divided by 903.
487
What is the remainder when 248636 is divided by 663?
11
What is the remainder when 11636 is divided by 1162?
16
What is the remainder when 3249 is divided by 425?
274
What is the remainder when 547731 is divided by 34?
25
What is the remainder when 1004932 is divided by 53?
52
Calculate the remainder when 2944 is divided by 404.
116
What is the remainder when 20081 is divided by 2008?
1
Calculate the remainder when 1263 is divided by 11.
9
What is the remainder when 43782 is divided by 63?
60
Calculate the remainder when 2617 is divided by 20.
17
Calculate the remainder when 12771 is divided by 6354.
63
What is the remainder when 437722 is divided by 145902?
16
What is the remainder when 1757 is divided by 70?
7
Calculate the 